 1?
130
In base 15, what is 5 + 121?
126
In base 5, what is 22300 + -4?
22241
In base 9, what is 1774 - 7?
1766
In base 2, what is -101100110100 + 101?
-101100101111
In base 16, what is 1 - -2?
3
In base 9, what is 5 - 88?
-83
In base 5, what is 120 + 343?
1013
In base 14, what is 30 - 2?
2c
In base 3, what is -2011200 - -2?
-2011121
In base 9, what is 1 - 63?
-62
In base 2, what is 100 - -100000?
100100
In base 2, what is 100 - -1101011?
1101111
In base 13, what is -4c9 + 3?
-4c6
In base 3, what is 110212 + 12?
111001
In base 8, what is -4 - -4301?
4275
In base 13, what is 28 - -17?
42
In base 16, what is 3 + -4c?
-49
In base 15, what is -5 + 25?
20
In base 11, what is -7 - 6?
-12
In base 7, what is -556 - 14?
-603
In base 9, what is 1 - 60?
-58
In base 10, what is 1001 - -5?
1006
In base 6, what is 1304 + -4?
1300
In base 14, what is -19d + d?
-190
In base 15, what is -49 + -15?
-5e
In base 7, what is -3 - -1524?
1521
In base 2, what is -1100001 - 10111?
-1111000
In base 6, what is -4 - 115?
-123
In base 2, what is -10001 + 1100?
-101
In base 14, what is 4 - -214?
218
In base 3, what is 1212211000 + 12?
1212211012
In base 10, what is -4 - 44?
-48
In base 16, what is -14 - 1f?
-33
In base 11, what is -67 - -51?
-16
In base 16, what is -2 - -a?
8
In base 15, what is 7c - -3?
80
In base 14, what is -4a2 - 4?
-4a6
In base 6, what is 2 - -443?
445
In base 3, what is 100212 - 1?
100211
In base 2, what is 1011010 - 1100?
1001110
In base 2, what is 10 + -10011100010?
-10011100000
In base 15, what is -14 + -40?
-54
In base 5, what is -24 + 2323?
2244
In base 2, what is 1110110 - -110?
1111100
In base 2, what is -100011 - 1010000?
-1110011
In base 6, what is 1 - -510?
511
In base 2, what is -10 + 1110000?
1101110
In base 13, what is -519 - 3?
-51c
In base 2, what is 10110 + -100?
10010
In base 16, what is 3 + 1a?
1d
In base 8, what is 405 - -21?
426
In base 12, what is 4 - -53?
57
In base 5, what is 4 - 34?
-30
In base 5, what is -24232 - 3?
-24240
In base 13, what is 42 - -2c?
71
In base 9, what is -1136 + 3?
-1133
In base 7, what is 4456 - 4?
4452
In base 14, what is 6b + -5?
66
In base 11, what is 288 + 1?
289
In base 10, what is -35 + 4?
-31
In base 13, what is -74 - 5?
-79
In base 3, what is 2 + -12000?
-11221
In base 10, what is 17 + -2?
15
In base 8, what is -5 - -1057?
1052
In base 5, what is 4 - -121?
130
In base 16, what is 17 - a?
d
In base 5, what is -1121 - 44?
-1220
In base 5, what is -12 - 3332?
-3344
In base 8, what is 3075 - 3?
3072
In base 13, what is 3 - 413?
-410
In base 6, what is 300 + -3?
253
In base 10, what is 11912 + -1?
11911
In base 12, what is 21ba8 - 4?
21ba4
In base 10, what is 888 + 4?
892
In base 8, what is 1 + -152?
-151
In base 9, what is -3 - -104?
101
In base 6, what is 33 - -1113?
1150
In base 10, what is 279 + -2?
277
In base 15, what is -83c + -1?
-83d
In base 2, what is -101111 - 101?
-110100
In base 15, what is -2 - 11ee?
-1201
In base 15, what is 2 - 1c0?
-1bd
In base 10, what is 4 - -36?
40
In base 6, what is 1335 + -3?
1332
In base 4, what is -2 - 210332?
-211000
In base 8, what is -27 + 11?
-16
In base 13, what is -b8 + 3c?
-79
In base 11, what is 8 - 18?
-10
In base 10, what is 337 + 3?
340
In base 10, what is -3 + 14?
11
In base 6, what is 112 + 0?
112
In base 12, what is 555b + -5?
5556
In base 10, what is -3263 - -4?
-3259
In base 11, what is 150 - -25?
175
In base 14, what is -5a + -3?
-5d
In base 8, what is -1777 + -1?
-2000
In base 14, what is 5 + 18?
1d
In base 10, what is -38 + -18?
-56
In base 3, what is -10 + -1021210?
-1021220
In base 15, what is 1d09 + -1?
1d08
In base 12, what is -972 - -6?
-968
In base 16, what is -dc + -9?
-e5
In base 4, what is -1022323 - 1?
-1022330
In base 5, what is -424 - 224?
-1203
In base 11, what is 329 - -8?
336
In base 9, what is -10 + 22?
12
In base 9, what is -4 + -65?
-70
In base 2, what is 10010111010 - -10?
10010111100
In base 3, what is -220 + -111?
-1101
In base 9, what is -1008 - -5?
-1003
In base 4, what is 1022 + 3?
1031
In base 16, what is 57 - -7?
5e
In base 11, what is -15 + 104?
9a
In base 7, what is -164 + 11?
-153
In base 15, what is -6d + 35?
-38
In base 14, what is -5 + 893?
88c
In base 14, what is a69 + 5?
a70
In base 9, what is -53 + 20?
-33
In base 15, what is 41 - -7?
48
In base 13, what is 1 - a3?
-a2
In base 15, what is 32a0 + 3?
32a3
In base 10, what is -698 + 19?
-679
In base 14, what is 18 + 1?
19
In base 10, what is 330 + 2?
332
In base 12, what is -4 - -9a9?
9a5
In base 7, what is 120 - -11?
131
In base 2, what is 100 + 1110101000?
1110101100
In base 2, what is -1100 + -10001101101?
-10001111001
In base 4, what is -2 - 100200?
-100202
In base 4, what is -201 + 1312?
1111
In base 14, what is 0 - -6a8?
6a8
In base 5, what is -4 - 1234?
-1243
In base 16, what is 6 - -384?
38a
In base 12, what is 79 + -1a?
5b
In base 4, what is -3 + -132132?
-132201
In base 8, what is 10 - -4?
14
In base 7, what is -24362 + 4?
-24355
In base 16, what is -8 - d?
-15
In base 10, what is 1 + 69?
70
In base 3, what is -10121 - 2?
-10200
In base 15, what is 7 + e4?
eb
In base 2, what is -100 + -1010010111?
-1010011011
In base 6, what is 3 + -403?
-400
In base 13, what is 1 + -54a?
-549
In base 13, what is -1 - 3c?
-40
In base 12, what is -a + -275?
-283
In base 6, what is -3 - -3?
0
In base 4, what is 3 + -1202?
-1133
In base 14, what is 19 + 0?
19
In base 6, what is -12 + -3543?
-3555
In base 8, what is 612 - -3?
615
In base 13, what is c3 - 1?
c2
In base 15, what is 126 - -1a?
141
In base 11, what is -7 + -6?
-12
In base 4, what is 1333 - -13?
2012
In base 10, what is -178 + 6?
-172
In base 12, what is 8339 - 5?
8334
In base 11, what is 8 + -979?
-971
In base 9, what is -130 - -5?
-124
In base 7, what is -13 - -324?
311
In base 16, what is 4 + 1f?
23
In base 4, what is 2 - 2022?
-2020
In base 3, what is 221 + 1001?
1222
In base 14, what is 5 + -1a8?
-1a3
In base 3, what is 2002 + -2121?
-112
In base 14, what is 1 + 75?
76
In base 16, what is -3bc + -4?
-3c0
In base 15, what is -7 - 19?
-21
In base 10, what is 1 + 2?
3
In base 2, what is 10011111010000 + 101?
10011111010101
In base 14, what is -5 + -31b?
-322
In base 2, what is -10011111010 - 1?
-10011111011
In base 8, what is -264 - -4?
-260
In base 2, what is 10010 - 101000?
-10110
In base 15, what is 5 - 18?
-13
In base 16, what is 2 + 86?
88
In base 11, what is -3 - 310?
-313
In base 4, what is -2100 + -2?
-2102
In base 7, what is 136 + 1?
140
In base 3, what is -11 + 2121?
2110
In base 11, what is 5 + -87?
-82
In base 12, what is -79a - 1?
-79b
In base 4, what is -1023 - 13?
-1102
In base 4, what is 2 + -31233?
-31231
In base 7, what is -5 + -114?
-122
In base 16, what is 0 - 12e?
-12e
In base 11, what is 847 - 5?
842
In base 15, what is 0 + 18e?
18e
In base 5, what is 1 - 4241?
-4240
In base 15, what is -1 - 1387?
-1388
In base 11, what is 1 + -a6?
-a5
In base 7, what is -41 - -44?
3
In base 5, what is -13 - 1044?
-1112
In base 8, what is -13570 + 1?
-13567
In base 14, what is 2 + -7?
-5
In base 14, what is -c1 + -b?
-cc
In base 15, what is -ee - 0?
-ee
In base 9, what is -3750 - 11?
-3761
In base 4, what is -1122 + -1122?
-2310
In base 12, what is 2 - 1799?
-1797
In base 12, what is -a - 40?
-4a
In base 2, what is -1010 + -110?
-10000
In base 13, what is -268a + -1?
-268b
In base 5, what is 10 - -2010?
2020
In base 4, what is 12 - 313110?
-313032
In base 8, what is 134 - 13?
121
In base 14, what is -b + 26?
19
In base 12, what is 1 + -2550?
-254b
In base 5, what is -120 - -3?
-112
In base 14, what is 1a3 - 2?
1a1
In base 15, what is 1e - -3?
22
In base 13, what is 1c + -16?
6
In base 3, what is -10 - -101100?
101020
In base 6, what is 1541 + 3?
1544
In base 6, what is -1425 - 113?
-1542
In base 9, what is -6 - -7201?
7184
In base 13, what is 2c - 12b?
-cc
In base 14, what is 108 - -4?
10c
In base 2, what is 1000011 + 101?
1001000
In base 15, what is -11 - -5?
-b
In base 8, what is 0 + -747?
-747
In base 14, what is 4 + 24a?
250
In base 12, what is 2 + -124a?
-1248
In base 14, what is -12c + -16?
-144
In base 2, what is 0 - -10101100010?
10101100010
In base 3, what is -222 - -110?
-112
In base 10, what is -262 - 1?
-263
In base 4, what is -30 + 3?
-21
In base 15, what is 28d - 4?
289
In base 2, what